 + 9. Suppose -i*q + r = -245, -5*r - 11 = -36. What is the highest common divisor of q and 10?
10
Let q be 5/(40/(-12))*800/(-150). What is the greatest common factor of 376 and q?
8
Suppose 5*o + 2*z = 0, -5*z = -3*o + o + 29. Suppose -3*u + o*r - 115 + 37 = 0, 5*r = 5*u + 135. Let k = u - -32. What is the highest common factor of 88 and k?
8
Let k(d) = d**2 + 3*d + 16. Let z be k(-4). Suppose -z*w + 360 = -16*w. Let j be (((-216)/5)/4)/((-27)/w). Calculate the highest common divisor of j and 396.
36
Let p be 6/((-25)/(-2) - -1) + 5698/666. Calculate the greatest common divisor of p and 1125.
9
Let q be 365/25 + 936/(-360). Let k = 5 + -5. Suppose 75 + 17 = 2*u + 4*i, k = 5*u - 5*i - 155. Calculate the highest common divisor of u and q.
12
Suppose 0 = s + s + q - 148, -5*s = -4*q - 396. Calculate the highest common divisor of s and 418.
38
Let r = -119 + 173. Let k(b) = b**2 - 11*b - 9. Let d be k(12). Calculate the greatest common factor of r and d.
3
Let h(b) = 407*b**2 - 5*b - 8 - 55*b**2 + 11. Let q be h(1). Calculate the greatest common divisor of 140 and q.
70
Suppose 107*k = -99*k + 166*k + 880. Let j = 529 + -279. Let h = 360 - j. What is the greatest common divisor of h and k?
22
Let a(q) = -43*q + 226. Let u be a(-12). What is the highest common factor of u and 28?
14
Let z be (14/(-7) - (6 - 1)) + 136. Calculate the highest common factor of z and 688.
43
Suppose -69*t = -16*t - 3498. Calculate the highest common factor of 4686 and t.
66
Suppose 4*q + 1628 + 18 = c, -2*q = 5*c - 8428. Calculate the highest common factor of 1334 and c.
58
Let u(t) = -4*t + 1304. Let y be u(125). Calculate the highest common divisor of y and 96.
12
Let i(g) = -g**3 + 8*g**2 + 7*g + 4. Let r be i(7). Let u = -1399 + 1360. Let j = r + u. Calculate the greatest common divisor of 36 and j.
9
Let b be (-3 - 0)/((-9)/(-48)). Let k be 2/(-2) - 2 - 133/(-19). Let l be 4/(-1) - (b + k). Calculate the greatest common factor of l and 88.
8
Suppose 0 = 33*g + 41*g - 666. What is the greatest common divisor of 117 and g?
9
Suppose -79920 = -674*q + 230*q. Suppose -2 = -2*w + 2. Let d be (w - (1 + 0))*20. Calculate the greatest common divisor of q and d.
20
Suppose 0 = -9947*v + 9939*v + 1280. What is the greatest common factor of v and 10?
10
Suppose -4*g = 2*w - 288, -4*w + 9*w + 316 = 4*g. Calculate the greatest common divisor of 1739 and g.
37
Suppose 4*s = -32 + 188. Suppose -2*w + 183 = -s. Suppose -2*o - 2*o = l - 43, 3*l - w = -3*o. Calculate the highest common factor of l and 5.
5
Suppose -2*x = 3*a + 161, 3*a - 8*x = -7*x - 149. Let r = a - -59. Calculate the greatest common divisor of r and 216.
8
Let z be (3 + -336)/((-5)/(70/3)). What is the highest common divisor of z and 252?
42
Suppose 4*a + 3*h - 48 = 0, -9*h + 48 = 4*a - 4*h. Let v = -39 + 22. Let s = v - -41. Calculate the highest common divisor of s and a.
12
Suppose r = 5*s + 28, 3*r - 3*s = r + 49. Suppose -66 = r*x - 12*x. Let y(p) = -5*p - 7. Let n be y(x). What is the highest common factor of n and 23?
23
Let r(m) = m**2 - 2*m - 32. Let f be r(10). Suppose a - 2 = -f. Let b = -30 - a. What is the highest common factor of 64 and b?
16
Let h(w) = 108*w**2 - 45*w + 55. Let c be h(7). What is the greatest common factor of 102 and c?
34
Let i be (-9 - (29 - 174)) + -31. Let h = 0 - -15. What is the highest common factor of h and i?
15
Suppose -2*g + 41 = v, 5*g - 12 - 95 = -v. Let p(x) = -20*x + 313. Let f be p(14). Calculate the highest common factor of g and f.
11
Let s be (-52600)/(-3156)*(26/5 + -1). Calculate the highest common divisor of 238 and s.
14
Suppose 10*c - 44*c + 5969 = 93*c. What is the highest common divisor of c and 58703?
47
Let z(y) = 44*y**2 - y**3 + 80 - 9 - 7*y - 66*y**2 + 0*y. Let w be z(-22). What is the greatest common divisor of 25 and w?
25
Suppose 2*f - 14 = -3*p, 0 + 22 = 5*p + 4*f. Suppose -3*n + p*n = 66. What is the greatest common factor of n and 110?
22
Suppose 1134 = 172*a - 46*a. What is the greatest common divisor of a and 423?
9
Suppose 5*r - 2*r - 18 = 3*p, -3*p - 22 = -5*r. Let n be (147/6)/(-7)*p. Suppose 19*d - 990 = n*d. What is the highest common divisor of d and 22?
22
Suppose -5*m + 184 = 99. Let f be (-1 - 3 - 0) + m. Suppose 0 = -2*h + 151 + 291. What is the greatest common factor of h and f?
13
Let n(r) = 22422*r - 45. Let d be n(-6). Let j = d - -192897. Let z be (-4)/22 + (j/66)/9. Calculate the greatest common factor of 49 and z.
49
Let t = -146 - -172. Suppose 2*l - t = -11*l. Calculate the highest common divisor of 15 and l.
1
Let s be (9/21 - 95919/(-21)) + 153/17. Calculate the greatest common factor of s and 23.
23
Suppose 0 = -r - 1969 + 7557. Calculate the highest common factor of r and 88.
44
Suppose 4603*y - 1785 = 4582*y. Calculate the highest common divisor of y and 2397.
17
Suppose 7 - 127 = -5*i. Let l = -5530 - -5842. Calculate the greatest common divisor of i and l.
24
Let r = -126 + 225. Let z(t) = 2*t**2 - 7*t - 12. Let h be z(5). Suppose 0 = 8*p + h*p - 363. What is the highest common divisor of p and r?
33
Suppose -4*x - 364 = -3*o, 3*o + o = -2*x + 478. Let d(z) = 27*z - 318. Let t be d(14). What is the greatest common divisor of t and o?
60
Let k(i) = 9*i + 11. Let j be k(8). Let v(t) = -105*t**2 - 786*t + 141. Let m be v(-7). Calculate the highest common divisor of m and j.
83
Let d(n) = 26*n**2 + 179*n + 170. Let i be d(25). Calculate the greatest common factor of 105 and i.
105
Suppose -2*d + 6 + 40 = 2*s, 0 = s - d - 21. Suppose -5*l = 4*y - 347, 0 = 5*l - 0*l - y - 357. Let u = 82 - l. What is the highest common factor of u and s?
11
Let o = -195 + 206. Suppose -7*j - 260 = -o*j. Calculate the greatest common divisor of j and 20.
5
Suppose 10*z + 75 = 7*z. Let a = -14 - z. What is the greatest common factor of 165 and a?
11
Suppose z - 2484 = -5*k, -2*z + 0*z + 4992 = -2*k. What is the highest common factor of z and 946?
86
Let w(k) = k - 1. Let l be w(9). Suppose 4*d - l - 16 = 0. Let u = -49 - -73. What is the greatest common factor of u and d?
6
Suppose -3*l + 38 + 43 = 0. Let v = -20 + l. Suppose -2251 + 2279 = 4*s. Calculate the greatest common divisor of s and v.
7
Suppose -3*f + 1441 = -2*h - 973, -5*f + 5*h + 4025 = 0. What is the highest common factor of 192 and f?
12
Let o(z) = z**2 - 239*z + 5913. Let b be o(27). Calculate the highest common divisor of b and 91.
7
Let u(l) = -l**3 + 8*l**2 - 8*l + 17. Let s(j) = -6*j - 13. Let n be s(-3). Let m be u(n). What is the highest common factor of 13 and m?
13
Let g = -6069 + 6089. What is the highest common factor of 215 and g?
5
Suppose 8064 = 5*q - 4*q + 8*q. What is the highest common factor of q and 392?
56
Let w(p) = p**3 - 15*p**2 + 8*p + 29. Let i be w(14). Let y be (-186)/4*(i/5 + 5). What is the highest common factor of 27 and y?
9
Let m be (-4 - -4)/(-4) + -105. Let s be ((-90)/75)/(9/m). Calculate the greatest common divisor of 4 and s.
2
Suppose -3*z + 3*u - 105 = 0, -2*z - 2*z - 4*u = 148. Let q be ((-15)/3)/(15/z). Calculate the highest common divisor of 9 and q.
3
Let h = 1314 - 1313. Calculate the greatest common divisor of h and 1459.
1
Suppose 0 = b + 5 + 49. Let u = -51 - b. Suppose 3*x + 5*z - 73 = 0, -u*x - 3*z + 2*z + 65 = 0. Calculate the highest common factor of x and 147.
21
Let z = -4563 + 4598. Let j be 109 + 2*10/(-5). Calculate the highest common factor of z and j.
35
Let q(s) = -62*s**3 + s**2. Let j be q(-1). Suppose -227 = -5*o - h, -1284*o + 3*h - 231 = -1289*o. What is the highest common divisor of o and j?
9
Let g = 0 - 2. Let v(y) = -y**3 - y + 3. Let r be v(g). Let q = 46 - r. Calculate the highest common divisor of 198 and q.
33
Let i = 16137 + -15537. Calculate the greatest common divisor of i and 24.
24
Let w = 2712 + -2664. Calculate the highest common factor of 208 and w.
16
Let x be 96 - (11/66 - (2 - 11/6)). Calculate the highest common factor of x and 768.
96
Let v = 3389 - 3385. What is the greatest common divisor of v and 436?
4
Suppose 0 = 24*s - 588 + 108. Let n(c) = 4*c - 32. Let o be n(s). Calculate the greatest common divisor of o and 12.
12
Let k(x) be the third derivative of -x**6/120 + 11*x**5/60 + x**4/6 - 3*x**3/2 + 3*x**2 - 7*x. Let b be k(11). Calculate the highest common divisor of b and 5.
5
Let l